01 (base 12) to base 10
-2593
Convert 11110010100 (base 2) to base 15.
895
Convert -111110111100 (base 2) to base 13.
-1aab
What is 97a8 (base 11) in base 6?
135532
Convert 29d (base 16) to base 10.
669
What is -89dd (base 15) in base 4?
-13020301
What is 100211 (base 3) in base 6?
1121
Convert -311114 (base 5) to base 9.
-14837
What is -31564 (base 8) in base 9?
-20055
What is -1001101 (base 2) in base 7?
-140
What is 1303 (base 10) in base 16?
517
What is -5435 (base 6) in base 3?
-1201012
What is 526 (base 8) in base 4?
11112
What is 100010000011 (base 2) in base 16?
883
Convert 122120 (base 3) to base 14.
25c
-5117 (base 11) to base 9
-10278
What is 221002 (base 3) in base 15?
302
Convert -403 (base 12) to base 15.
-289
Convert -2221011 (base 3) to base 13.
-c85
Convert -2176 (base 8) to base 2.
-10001111110
What is -30663 (base 11) in base 9?
-67306
-61b (base 14) to base 8
-2261
Convert 240240 (base 5) to base 6.
104500
3de (base 15) to base 12
618
Convert -35502 (base 8) to base 11.
-10441
20213 (base 5) to base 14
696
Convert 11303 (base 4) to base 15.
19b
Convert 19327 (base 10) to base 8.
45577
Convert -360 (base 9) to base 12.
-209
Convert -63d (base 15) to base 14.
-728
Convert -e13 (base 15) to base 8.
-6140
What is 66664 (base 9) in base 14?
121d2
Convert -342134 (base 6) to base 13.
-1027c
What is -10101112 (base 3) in base 14?
-c87
Convert 2221111112 (base 3) to base 9.
87445
Convert -26117 (base 12) to base 13.
-1a893
What is 19c8 (base 15) in base 11?
4220
-3445 (base 8) to base 2
-11100100101
What is -6513 (base 9) in base 16?
-12b7
-21c1 (base 13) to base 12
-2894
-30323 (base 5) to base 14
-a03
Convert -60798 (base 10) to base 13.
-2189a
-1022110 (base 3) to base 9
-1273
What is -502 (base 9) in base 10?
-407
-110311 (base 6) to base 3
-110121021
Convert 1100100100 (base 2) to base 10.
804
What is -423 (base 10) in base 15?
-1d3
8aa6 (base 11) to base 6
131234
Convert 2111 (base 5) to base 15.
13b
316 (base 10) to base 13
1b4
Convert 33223 (base 11) to base 13.
18c15
What is -3123 (base 4) in base 5?
-1334
11000011011001 (base 2) to base 6
133521
What is 50b4 (base 14) in base 13?
6417
41bc (base 13) to base 10
9112
-374 (base 10) to base 13
-22a
Convert -423142 (base 5) to base 15.
-42ec
-25714 (base 9) to base 7
-101401
2041 (base 5) to base 11
227
Convert -10584 (base 11) to base 15.
-4828
What is 881 (base 16) in base 5?
32202
-6e6 (base 15) to base 5
-22231
What is -11210020 (base 3) in base 5?
-102424
Convert 1011011000110 (base 2) to base 6.
42554
Convert -13746 (base 14) to base 8.
-135722
Convert bbb9 (base 12) to base 2.
101000011111101
Convert -843 (base 9) to base 5.
-10222
40b6 (base 12) to base 6
52350
Convert 11000010 (base 3) to base 14.
10c7
20414 (base 8) to base 15
2790
Convert 721 (base 11) to base 5.
11440
What is -60 (base 15) in base 4?
-1122
-222 (base 9) to base 13
-110
63024 (base 7) to base 4
3301131
Convert 1703a (base 11) to base 4.
11313001
What is 13202 (base 4) in base 13?
2b1
1101101100 (base 2) to base 6
4020
What is 10020202 (base 3) in base 4?
211001
What is 399 (base 14) in base 5?
10343
a (base 16) to base 15
a
What is -305 (base 12) in base 7?
-1163
-c1 (base 15) to base 3
-20201
What is -10125 (base 8) in base 7?
-15122
What is -130002 (base 6) in base 10?
-11666
What is 7b (base 16) in base 14?
8b
What is -137 (base 12) in base 14?
-d5
Convert 2112 (base 5) to base 9.
343
What is 221 (base 5) in base 6?
141
Convert -b38 (base 13) to base 6.
-12454
-22112 (base 4) to base 12
-472
What is 81ad (base 14) in base 11?
15834
106 (base 8) to base 15
4a
-306 (base 13) to base 6
-2213
What is -11011011 (base 2) in base 15?
-e9
Convert 751 (base 9) to base 8.
1145
What is 200100 (base 4) in base 3?
2211110
302255 (base 6) to base 8
56473
-2112201022 (base 3) to base 6
-1023525
-871 (base 12) to base 2
-10011010101
-5b3 (base 15) to base 2
-10100001101
Convert -1048 (base 13) to base 11.
-1772
Convert 606 (base 7) to base 8.
454
Convert 4204 (base 10) to base 6.
31244
Convert 203411 (base 5) to base 11.
506a
-1113 (base 7) to base 16
-192
-286 (base 9) to base 7
-462
Convert 1021021 (base 3) to base 14.
4a1
Convert 111010000 (base 2) to base 6.
2052
Convert -1900 (base 14) to base 5.
-121013
What is 276 (base 12) in base 7?
1050
Convert 3201001 (base 5) to base 10.
53251
What is -4314 (base 5) in base 6?
-2412
What is -431104 (base 5) in base 10?
-14529
Convert -7927 (base 10) to base 7.
-32053
Convert -1835 (base 9) to base 4.
-112001
What is 41331 (base 5) in base 9?
3647
b33b (base 12) to base 8
46037
-56c (base 13) to base 15
-425
Convert -10010101111001 (base 2) to base 12.
-5675
What is -101001 (base 3) in base 13?
-17b
Convert -1207 (base 9) to base 10.
-898
What is 112012 (base 3) in base 6?
1435
Convert 43664 (base 7) to base 4.
2223131
What is 18b (base 15) in base 6?
1352
1dc (base 16) to base 3
122122
Convert 2360 (base 8) to base 3.
1201211
What is 111001100 (base 2) in base 13?
295
What is 200022022 (base 3) in base 7?
53624
What is -16608 (base 10) in base 9?
-24703
110011000110 (base 2) to base 7
12351
4b6 (base 12) to base 6
3150
What is -96 (base 16) in base 10?
-150
Convert -3030 (base 4) to base 10.
-204
Convert 10247 (base 9) to base 12.
3aba
-51718 (base 9) to base 7
-201320
What is -274 (base 12) in base 5?
-3001
What is -240 (base 7) in base 5?
-1001
40b8 (base 12) to base 16
1b8c
What is 11010010101 (base 2) in base 14?
885
What is 2103013 (base 4) in base 11?
708a
Convert -1350 (base 7) to base 4.
-20031
-607 (base 14) to base 15
-53d
What is -1100010111 (base 2) in base 5?
-11131
What is 10a0 (base 12) in base 13?
ac2
Convert -40203 (base 6) to base 8.
-12213
-ac4 (base 15) to base 14
-c5c
What is 13827 (base 11) in base 14?
7223
What is -11013 (base 4) in base 10?
-327
-404201 (base 6) to base 2
-111110100101001
-221021010 (base 3) to base 16
-47f1
Convert 156 (base 14) to base 11.
228
Convert -102 (base 7) to base 3.
-1220
11013 (base 4) to base 15
16c
Convert -223323 (base 4) to base 16.
-afb
42327 (base 11) to base 10
61618
Convert 33311021 (base 4) to base 11.
44797
Convert 2a3 (base 14) to base 11.
447
Convert 1030 (base 5) to base 16.
8c
33302 (base 4) to base 2
1111110010
222403 (base 7) to base 15
b9a1
What is -74076 (base 8) in base 12?
-15992
What is 2795 (base 14) in base 11?
5286
Convert -504 (base 10) to base 13.
-2ca
Convert 10000100 (base 2) to base 6.
340
2322332 (base 4) to base 6
131222
What is 311121 (base 4) in base 12?
1b89
-2502 (base 16) to base 7
-36423
Convert 1323 (base 5) to base 12.
159
What is 6089 (base 16) in base 10?
24713
24 (base 6) to base 15
11
-110114 (base 6) to base 9
-13451
What is -22414 (base 5) in base 12?
-b21
Convert 412022 (base 5) to base 8.
32113
220323 (base 7) to base 16
96b4
What is -133202 (base 4) in base 16?
-7e2
160272 (base 8) to base 4
32002322
Convert 100101012 (base 3) to base 9.
10335
-1102 (base 8) to base 6
-2402
Convert 3442 (base 6) to base 5.
11233
-3906 (base 15) to base 2
-10111101111100
-88b5 (base 15) to base 2
-111000100101010
4a7a (base 12) to base 13
3ac9
Convert -a6 (base 11) to base 7.
-224
23506 (base 7) to base 5
143312
What is -508 (base 13) in base 14?
-44d
What is -e1cf (base 16) in base 5?
-3322212
What is 49e (base 16) in base 6?
5250
Convert 7b4 (base 13) to base 4.
110302
Convert 403 (base 9) to base 3.
110010
Convert -231355 (base 6) to base 13.
-9020
-10010100011111010 (base 2) to base 4
-102203322
-7704 (base 8) to base 3
-12112111
Convert -1222344 (base 5) to base 7.
-125303
4550 (base 6) to base 8
2062
20244 (base 6) to base 8
5204
Convert 113554 (base 6) to base 2.
10011011001110
100011010000 (base 2) to base 14
b72
What is 60218 (base 9) in base 7?
223202
What is 400 (base 10) in base 4?
12100
Convert 111100001 (base 2) to base 13.
2b0
5a63 (base 13) to base 5
402011
7348 (base 12) to base 13
5960
Convert 125635 (base 7) to base 14.
888c
What is -39c7 (base 13) in base 16?
-2053
Convert 22620 (base 8) to base 15.
2cb1
What is -356 (base 7) in base 2?
-10111100
Convert 1182 (base 15) to base 3.
12002212
4136 (base 8) to base 5
32032
Convert 1303 (base 5) to base 14.
107
Convert 1321304 (base 5) to base 12.
13386
What is 98ab (base 12) in base 16?
41c3
What is -3720 (base 10